5*o**2 + 28*o + 6. Give l(9).
-66
Let p(h) = 2*h**3 + 3*h**2 - 27*h + 34. What is p(-5)?
-6
Let y(c) = 11*c**2 + 113*c + 39. Give y(-10).
9
Let h(i) = 27*i**2 - 242*i - 24. Determine h(9).
-15
Let n(w) = 5*w**2 + 16*w + 123. Give n(-6).
207
Let o(u) = -14*u**3 + 2*u**2 - 50*u - 97. What is o(-2)?
123
Let b(c) = 3*c**3 - 9*c**2 - 33*c - 16. Determine b(-4).
-220
Let y(j) = -10*j + 124. Calculate y(18).
-56
Let b(t) = 35*t**2 + 4*t - 4. Calculate b(-2).
128
Let q(k) = k**2 - 20*k - 1111. What is q(-23)?
-122
Let t(b) = 4*b**3 + 182*b**2 + 86*b - 36. What is t(-45)?
144
Let v(h) = -h**2 + 50*h - 286. Calculate v(40).
114
Let a(b) = -1007*b + 24158. Determine a(24).
-10
Let v(q) = -17*q**2 - 1079*q - 510. What is v(-63)?
-6
Let o(k) = 46*k - 240. Give o(4).
-56
Let y(w) = 2*w**3 - 19*w**2 + 34*w - 3. What is y(7)?
-10
Let a(n) = 2*n**2 + 95*n + 1083. Give a(-26).
-35
Let h(j) = -9*j - 192. Give h(-25).
33
Let k(i) = -11*i + 178. What is k(18)?
-20
Let t(b) = b - 281. What is t(57)?
-224
Let p(z) = z**2 - 10*z + 3. What is p(7)?
-18
Let h(i) = -2*i**3 - 101*i**2 + 62*i + 556. Calculate h(-51).
-5
Let x(y) = -566*y - 12. Calculate x(1).
-578
Let r(i) = 183*i**2 + 3116*i + 85. What is r(-17)?
0
Let k(l) = 5*l**2 + 21*l + 14. Determine k(-4).
10
Let f(d) = -d + 59. What is f(-5)?
64
Let l(i) = -i**3 - 112*i**2 + 465*i + 117. Calculate l(-116).
1
Let z(s) = -s**3 - 51*s**2 - 202*s + 107. Give z(-5).
-33
Let m(l) = -3*l**2 - 433*l + 305. Calculate m(-145).
15
Let d(s) = -s**3 + 2*s**2 + 6*s - 2. Determine d(4).
-10
Let c(h) = 541*h - 20007. Determine c(37).
10
Let l(k) = -73*k**2 + 34*k + 102. Calculate l(-3).
-657
Let n(p) = -3*p**2 + 16*p - 16. What is n(5)?
-11
Let z(v) = v**2 + 23*v + 39. Determine z(-16).
-73
Let c(g) = 57*g + 15731. Determine c(-276).
-1
Let s(w) = w**2 + 98*w - 2645. Calculate s(22).
-5
Let n(s) = -s**3 - 58*s**2 - 828*s - 69. What is n(-25)?
6
Let c(s) = s**2 + 107*s - 3320. What is c(-132)?
-20
Let b(h) = -19*h + 204. Determine b(13).
-43
Let m(o) = -5680*o + 22723. Give m(4).
3
Let q(z) = 2*z**3 + 17*z**2 + 3*z - 43. What is q(-8)?
-3
Let f(i) = 3*i**2 + 43*i - 361. Calculate f(6).
5
Let y(w) = -2*w**3 + 51*w**2 - 24*w - 17. What is y(25)?
8
Let v(y) = y**3 + 30*y**2 + 25*y - 188. What is v(-29)?
-72
Let s(c) = 13*c**2 - 1143*c - 91. Determine s(88).
-3
Let k(b) = -68*b**2 - 1291*b + 25. What is k(-19)?
6
Let t(k) = -5*k**2 + 132*k + 70. What is t(27)?
-11
Let q(k) = -k**2 - 55*k + 57. Determine q(1).
1
Let q(s) = -2*s**3 - 2*s**2 + 3*s + 3. Calculate q(0).
3
Let c(x) = -x**3 + 9*x**2 - 24*x + 92. Calculate c(7).
22
Let k(i) = 664*i - 639. Determine k(1).
25
Let o(x) = -x - 120. What is o(22)?
-142
Let f(h) = 79*h - 718. Calculate f(8).
-86
Let l(a) = -2*a**2 + 263*a - 6934. What is l(95)?
1
Let o(a) = -65*a**3 - 3*a**2 + 3*a - 2. Determine o(1).
-67
Let s(k) = -279*k + 2506. Give s(9).
-5
Let t(y) = -105*y + 2649. What is t(26)?
-81
Let h(i) = -119*i + 1143. Calculate h(12).
-285
Let t(f) = -f**2 - 15*f - 61. Determine t(-7).
-5
Let g(x) = 38*x + 284. What is g(-5)?
94
Let d(j) = -j**2 - 451*j + 2712. Determine d(6).
-30
Let d(j) = 7*j**3 + 189*j**2 + 180*j - 58. Calculate d(-26).
-6
Let y(u) = 8*u**2 + 181*u - 290. Determine y(-24).
-26
Let q(b) = -15*b + 348. Calculate q(18).
78
Let o(f) = 3*f**3 - 9*f**2 - 9*f + 25. Determine o(-2).
-17
Let t(o) = -41504*o - 249032. Determine t(-6).
-8
Let d(i) = 36*i**2 - 1074*i - 142. Calculate d(30).
38
Let v(b) = 3*b**3 - 33*b**2 - 143*b + 246. What is v(14)?
8
Let w(d) = -d**2 + 7*d - 8. What is w(2)?
2
Let q(s) = s**2 + 189*s + 922. Calculate q(-5).
2
Let v(h) = 14*h - 143. Give v(4).
-87
Let u(j) = 2*j**3 + 8*j + 42. Give u(-4).
-118
Let v(l) = -2*l**3 - 53*l**2 - 24*l + 23. Give v(-26).
-29
Let j(r) = -r**2 - 16988*r - 220682. Determine j(-13).
-7
Let c(m) = m**2 + 368*m - 11503. Determine c(29).
10
Let t(j) = 436*j + 881. Give t(-2).
9
Let c(r) = r**2 - 2*r - 79. Determine c(11).
20
Let v(c) = -c**2 - 2*c + 1357. What is v(-38)?
-11
Let a(w) = w**2 + 43*w - 397. Determine a(8).
11
Let b(q) = -q**3 + 13*q**2 + 3865*q + 53. Determine b(-56).
-3
Let v(k) = -3*k - 65. Give v(-9).
-38
Let v(t) = -2*t**2 - 15*t - 29. Determine v(-12).
-137
Let g(s) = 3*s**3 + 15*s**2 - 15*s - 71. Determine g(-5).
4
Let a(p) = -2*p**3 - 64*p**2 + 20*p + 604. Determine a(-32).
-36
Let n(l) = -l**3 - 43*l**2 + 44*l - 16. Calculate n(-44).
-16
Let m(k) = 413*k - 68. Determine m(0).
-68
Let d(s) = -320*s + 44. Give d(1).
-276
Let u(q) = -q**3 - 10*q**2 - 20*q - 3. Determine u(-7).
-10
Let v(n) = -7*n**3 - 323*n**2 - 49*n - 107. Determine v(-46).
31
Let u(c) = -90*c**2 - 1426*c + 226. What is u(-16)?
2
Let t(x) = x**3 - 3*x**2 + 11*x - 23. Give t(6).
151
Let c(y) = 22*y - 99. Determine c(-1).
-121
Let d(j) = -j**3 - 40*j**2 - 206*j - 11. Determine d(-6).
1
Let q(x) = -x**3 - 12*x**2 - 24*x - 5. Calculate q(-7).
-82
Let s(n) = n**3 + 40*n**2 + 95*n + 842. Determine s(-38).
120
Let g(m) = -5737*m + 34431. Give g(6).
9
Let c(n) = -2*n**3 + 10*n**2 + 26*n - 141. What is c(4)?
-5
Let j(g) = 231*g + 2387. What is j(-10)?
77
Let f(d) = -d**3 - 16*d**2 - 52*d + 55. Determine f(-10).
-25
Let w(q) = -q**3 - 18*q**2 - 3*q + 44. What is w(0)?
44
Let u(w) = 3*w**2 - 343*w - 29. Give u(0).
-29
Let r(m) = 4*m**3 + 19*m**2 + 26*m + 84. Give r(-3).
69
Let v(x) = 126*x + 2662. Give v(-21).
16
Let d(x) = -132*x + 8585. What is d(65)?
5
Let h(p) = -3*p**2 - 91*p - 283. What is h(-9)?
293
Let j(h) = -h**2 - 18*h + 648. Give j(-36).
0
Let a(s) = 119*s + 11. Give a(-1).
-108
Let k(l) = -1126*l + 7886. Calculate k(7).
4
Let p(l) = 11*l + 159. Give p(8).
247
Let u(b) = 9*b**2 - 257*b - 391. What is u(30)?
-1
Let d(t) = -t**3 + t**2 + 14*t - 11. Give d(5).
-41
Let d(s) = 3*s**2 - 328*s + 438. Calculate d(108).
6
Let j(i) = i**2 + 99*i + 2176. Determine j(-34).
-34
Let b(z) = -26*z**2 + 126*z + 14. Give b(5).
-6
Let v(m) = 140*m**3 - 23*m**2 + 23*m. Calculate v(1).
140
Let h(m) = 2*m**2 - 174*m + 2489. Calculate h(18).
5
Let q(n) = -n**2 + 72*n - 1321. Determine q(26).
-125
Let t(s) = -s**3 - 50*s**2 - 45*s + 203. Determine t(-49).
7
Let q(r) = r**3 + 16*r**2 + 35*r - 52. Give q(-13).
0
Let j(k) = -2677*k - 179358. Calculate j(-67).
1
Let f(n) = n**2 + 22*n - 21. Give f(13).
434
Let d(z) = -2*z**3 - 7*z + 2. What is d(0)?
2
Let z(i) = -74*i + 1263. Determine z(17).
5
Let n(f) = 117*f - 78. What is n(1)?
39
Let g(m) = 64*m + 181. What is g(-3)?
-11
Let b(j) = -j**3 + 189*j**2 - 182*j - 1137. Determine b(188).
-9
Let u(h) = -h**2 + 21*h - 26. Determine u(19).
12
Let v(p) = 3*p**2 + 16*p + 19. What is v(-4)?
3
Let g(b) = 13*b**2 - 257*b - 36. Determine g(20).
24
Let i(t) = 436*t - 1307. Calculate i(3).
1
Let t(a) = -a**2 + 36*a - 81. Determine t(30).
99
Let c(p) = 650*p + 3895. Determine c(-6).
-5
Let l(i) = -i**2 - 12*i + 47. What is l(-22)?
-173
Let i(a) = -5*a**2 + 97*a - 112. Calculate i(18).
14
Let u(j) = 5*j**3 + 148*j**2 + 94*j + 211. Give u(-29).
8
Let v(b) = 3*b**2 + 146*b - 760. Calculate v(5).
45
Let c(l) = 11*l - 187. Determine c(-12).
-319
Let b(x) = -21*x - 35. Determine b(4).
-119
Let w(v) = -4*v**2 - 41*v + 15. What is w(-11)?
-18
Let v(i) = 2*i**2 - 9*i + 92. Calculate v(0).
92
Let n(p) = -p**2 + 89*p + 8737. Calculate n(148).
5
Let o(u) = -63*u**2 + 8*u - 190. Determine o(0).
-190
Let c(l) = -44*l + 908. Determine c(20).
28
Let a(z) = 117*z + 4565. What is a(-39)?
2
Let c(h) = -h**3 + 23*h**2 + 93*h + 54. Give c(-3).
9
Let w(s) = -12*s**2 + 49*s - 69. Calculate w(6).
-207
Let n(x) = -254*x + 785. Determine n(3).
23
Let s(r) = -10*r + 250. Calculate s(31).
-60
Let y(j) = -j**3 - 5*j**2 + 19*j - 28. What is y(-9)?
125
Let z(i) = 170*i + 37. Calculate z(1).
207
Let x(k) = 3*k**2 - 20*k - 29. What is x(13)?
218
Let h(b) = 25*b - 1672. Determine h(68).
28
Let d(y) = -y**2 + 18*y - 67. Calculate d(6).
5
Let u(c) = 458*c**2 + 19235*c - 45. Determine u(-42).
-3
Let y(c) = -5*c - 447. What is y(-89)?
-2
Let p(n) = 51*n - 448. What is p(9)?
11
Let z(j) = -14*j**2 - 1011*j - 224. Give z(-72).
-8
Let c(g) = 23*g - 130. What is c(9)?
77
Let f(i) = -i**3 - 5*i**2 - 13*i - 71. Give f(-7).
118
Let f(y) = -y**3 + 3*y**2 - 6*y - 13. Give f(0).
-13
Let w(h) = 78*h**2 + 67*h - 518. Give w(-3).
-17
Let m(i) = i**2 - 43*i - 202. What is 